2020-07-29 11:44:23.433 T:22222 WARNING : Repository add-on repository.lunatixz uses plain HTTP for add-on downloads in path http://raw.github.com/Lunatixz/KODI_Addons/master/zips - this is insecure and will make your Kodi installation vulnerable to attacks if enabled!
2020-07-29 11:44:23.435 T:22222 DEBUG : CRepositoryUpdater: previous update at 07/29/2020 11:12:17 AM, next at 07/30/2020 11:12:17 AM
2020-07-29 11:44:23.440 T:22253 DEBUG : Thread Timer start, auto delete: false
2020-07-29 11:44:23.440 T:22222 DEBUG : CServiceAddonManager: starting plugin.video.amazon-test
2020-07-29 11:44:23.445 T:22254 DEBUG : Thread LanguageInvoker start, auto delete: false
2020-07-29 11:44:23.445 T:22222 DEBUG : CServiceAddonManager: starting plugin.video.pseudotv.live
2020-07-29 11:44:23.445 T:22254 INFO : initializing python engine.
2020-07-29 11:44:23.450 T:22255 DEBUG : Thread LanguageInvoker start, auto delete: false
2020-07-29 11:44:23.450 T:22222 DEBUG : CServiceAddonManager: starting plugin.video.themoviedb.helper
2020-07-29 11:44:23.450 T:22255 INFO : initializing python engine.
2020-07-29 11:44:23.461 T:22256 DEBUG : Thread LanguageInvoker start, auto delete: false
2020-07-29 11:44:23.461 T:22222 DEBUG : CServiceAddonManager: starting plugin.video.youtube
2020-07-29 11:44:23.461 T:22256 INFO : initializing python engine.
2020-07-29 11:44:23.462 T:22247 DEBUG : CPythonInvoker(2, /home/hikaricore/.kodi/addons/script.skinshortcuts/default.py): start processing
2020-07-29 11:44:23.462 T:22244 DEBUG : CPythonInvoker(0, /home/hikaricore/.kodi/addons/plugin.video.youtube/resources/lib/default.py): start processing
2020-07-29 11:44:23.463 T:22257 DEBUG : Thread LanguageInvoker start, auto delete: false
2020-07-29 11:44:23.463 T:22222 DEBUG : CServiceAddonManager: starting script.embuary.helper
2020-07-29 11:44:23.463 T:22257 INFO : initializing python engine.
2020-07-29 11:44:23.464 T:22254 DEBUG : CPythonInvoker(3, /home/hikaricore/.kodi/addons/plugin.video.amazon-test/service.py): start processing
2020-07-29 11:44:23.464 T:22255 DEBUG : CPythonInvoker(4, /home/hikaricore/.kodi/addons/plugin.video.pseudotv.live/service.py): start processing
2020-07-29 11:44:23.464 T:22256 DEBUG : CPythonInvoker(5, /home/hikaricore/.kodi/addons/plugin.video.themoviedb.helper/service.py): start processing
2020-07-29 11:44:23.464 T:22257 DEBUG : CPythonInvoker(6, /home/hikaricore/.kodi/addons/plugin.video.youtube/resources/lib/startup.py): start processing
2020-07-29 11:44:23.465 T:22246 DEBUG : CPythonInvoker(1, /home/hikaricore/.kodi/addons/plugin.video.youtube/resources/lib/default.py): start processing
2020-07-29 11:44:23.469 T:22258 DEBUG : Thread LanguageInvoker start, auto delete: false
2020-07-29 11:44:23.469 T:22222 DEBUG : CServiceAddonManager: starting script.skin.helper.service
2020-07-29 11:44:23.469 T:22258 INFO : initializing python engine.
2020-07-29 11:44:23.469 T:22258 DEBUG : CPythonInvoker(7, /home/hikaricore/.kodi/addons/script.embuary.helper/service.py): start processing
2020-07-29 11:44:23.470 T:22245 DEBUG : GetRecentlyPlayedAlbums: Time to fill list with albums 132ms query took 131ms
2020-07-29 11:44:23.470 T:22259 DEBUG : Thread LanguageInvoker start, auto delete: false
2020-07-29 11:44:23.470 T:22222 DEBUG : CServiceAddonManager: starting script.skin.helper.skinbackup
2020-07-29 11:44:23.470 T:22259 INFO : initializing python engine.
2020-07-29 11:44:23.470 T:22259 DEBUG : CPythonInvoker(8, /home/hikaricore/.kodi/addons/script.skin.helper.service/service.py): start processing
2020-07-29 11:44:23.471 T:22260 DEBUG : Thread LanguageInvoker start, auto delete: false
2020-07-29 11:44:23.471 T:22260 INFO : initializing python engine.
2020-07-29 11:44:23.471 T:22222 DEBUG : CServiceAddonManager: starting script.skin.helper.widgets
2020-07-29 11:44:23.471 T:22260 DEBUG : CPythonInvoker(9, /home/hikaricore/.kodi/addons/script.skin.helper.skinbackup/service.py): start processing
2020-07-29 11:44:23.476 T:22261 DEBUG : Thread LanguageInvoker start, auto delete: false
2020-07-29 11:44:23.476 T:22222 DEBUG : CServiceAddonManager: starting service.library.data.provider
2020-07-29 11:44:23.477 T:22261 INFO : initializing python engine.
2020-07-29 11:44:23.477 T:22261 DEBUG : CPythonInvoker(10, /home/hikaricore/.kodi/addons/script.skin.helper.widgets/service.py): start processing
2020-07-29 11:44:23.479 T:22262 DEBUG : Thread LanguageInvoker start, auto delete: false
2020-07-29 11:44:23.479 T:22222 DEBUG : CServiceAddonManager: starting service.xbmc.versioncheck
2020-07-29 11:44:23.479 T:22262 INFO : initializing python engine.
2020-07-29 11:44:23.479 T:22262 DEBUG : CPythonInvoker(11, /home/hikaricore/.kodi/addons/service.library.data.provider/service.py): start processing
2020-07-29 11:44:23.482 T:22263 DEBUG : Thread LanguageInvoker start, auto delete: false
2020-07-29 11:44:23.484 T:22222 INFO : initialize done
2020-07-29 11:44:23.484 T:22222 INFO : Running the application...
2020-07-29 11:44:23.486 T:22222 DEBUG : no profile autoexec.py (/home/hikaricore/.kodi/userdata/autoexec.py) found, skipping
2020-07-29 11:44:23.486 T:22222 DEBUG : NetworkMessage - Starting network services
2020-07-29 11:44:23.487 T:22263 INFO : initializing python engine.
2020-07-29 11:44:23.487 T:22263 DEBUG : CPythonInvoker(12, /home/hikaricore/.kodi/addons/service.xbmc.versioncheck/resources/lib/runner.py): start processing
2020-07-29 11:44:23.489 T:22222 DEBUG : CZeroconfAvahi::clientCallback: client is up and running
2020-07-29 11:44:23.489 T:22222 INFO : starting zeroconf publishing
2020-07-29 11:44:23.489 T:22222 INFO : starting upnp client
2020-07-29 11:44:23.494 T:22245 DEBUG : GetRecentlyAddedAlbums query: SELECT albumview.*, albumartistview.* FROM (SELECT idAlbum FROM album WHERE strAlbum != '' ORDER BY dateAdded DESC LIMIT 25) AS recentalbums JOIN albumview ON albumview.idAlbum = recentalbums.idAlbum JOIN albumartistview ON albumview.idAlbum = albumartistview.idAlbum ORDER BY dateAdded DESC, albumview.idAlbum desc, albumartistview.iOrder
2020-07-29 11:44:23.496 T:22222 INFO : starting upnp server
2020-07-29 11:44:23.501 T:22273 DEBUG : Thread EventServer start, auto delete: false
2020-07-29 11:44:23.501 T:22222 ERROR : JSONRPC Server: Failed to connect to sdpd
2020-07-29 11:44:23.501 T:22222 INFO : JSONRPC Server: Successfully initialized
2020-07-29 11:44:23.501 T:22273 INFO : ES: Starting UDP Event server on port 9777
2020-07-29 11:44:23.501 T:22273 DEBUG : CheckIPv6: IPv6 socket bound successfully
2020-07-29 11:44:23.501 T:22273 INFO : UDP: Listening on port 9777 (ipv6 : true)
2020-07-29 11:44:23.502 T:22274 DEBUG : Thread TCPServer start, auto delete: false
2020-07-29 11:44:23.502 T:22222 INFO : Started
2020-07-29 11:44:23.546 T:22280 DEBUG : Thread JobWorker start, auto delete: true
2020-07-29 11:44:23.568 T:22222 DEBUG : ------ Window Init (Custom_Overlay.xml) ------
2020-07-29 11:44:23.951 T:22222 DEBUG : LogindUPowerSyscall - Received unknown signal NameAcquired
2020-07-29 11:44:25.396 T:22300 DEBUG : Translated id to 'virtualpath://upnproot/'
2020-07-29 11:44:25.396 T:22300 INFO : Received UPnP Browse Metadata request for object '0'
2020-07-29 11:44:25.396 T:22300 DEBUG : Preparing upnp object for item 'virtualpath://upnproot/'
2020-07-29 11:44:25.396 T:22300 DEBUG : Building didl for object 'virtualpath://upnproot/'
2020-07-29 11:44:25.828 T:22261 DEBUG : -->Python Interpreter Initialized<--
2020-07-29 11:44:25.828 T:22261 DEBUG :
2020-07-29 11:44:25.828 T:22261 DEBUG : CPythonInvoker(10, /home/hikaricore/.kodi/addons/script.skin.helper.widgets/service.py): the source file to load is "/home/hikaricore/.kodi/addons/script.skin.helper.widgets/service.py"
2020-07-29 11:44:25.828 T:22261 DEBUG : CPythonInvoker(10, /home/hikaricore/.kodi/addons/script.skin.helper.widgets/service.py): setting the Python path to /home/hikaricore/.kodi/addons/script.skin.helper.widgets:/home/hikaricore/.kodi/addons/script.module.simplecache/lib:/usr/lib/python36.zip:/usr/lib/python3.6:/usr/lib/python3.6/lib-dynload:/usr/local/lib/python3.6/dist-packages:/usr/lib/python3/dist-packages
2020-07-29 11:44:25.828 T:22261 DEBUG : CPythonInvoker(10, /home/hikaricore/.kodi/addons/script.skin.helper.widgets/service.py): entering source directory /home/hikaricore/.kodi/addons/script.skin.helper.widgets
2020-07-29 11:44:25.828 T:22261 DEBUG : CPythonInvoker(10, /home/hikaricore/.kodi/addons/script.skin.helper.widgets/service.py): instantiating addon using automatically obtained id of "script.skin.helper.widgets" dependent on version 0.0.0 of the xbmc.python api
2020-07-29 11:44:25.891 T:22263 DEBUG : -->Python Interpreter Initialized<--
2020-07-29 11:44:25.891 T:22263 DEBUG :
2020-07-29 11:44:25.891 T:22263 DEBUG : CPythonInvoker(12, /home/hikaricore/.kodi/addons/service.xbmc.versioncheck/resources/lib/runner.py): the source file to load is "/home/hikaricore/.kodi/addons/service.xbmc.versioncheck/resources/lib/runner.py"
2020-07-29 11:44:25.891 T:22263 DEBUG : CPythonInvoker(12, /home/hikaricore/.kodi/addons/service.xbmc.versioncheck/resources/lib/runner.py): setting the Python path to /home/hikaricore/.kodi/addons/service.xbmc.versioncheck/resources/lib:/usr/lib/python36.zip:/usr/lib/python3.6:/usr/lib/python3.6/lib-dynload:/usr/local/lib/python3.6/dist-packages:/usr/lib/python3/dist-packages
2020-07-29 11:44:25.891 T:22263 DEBUG : CPythonInvoker(12, /home/hikaricore/.kodi/addons/service.xbmc.versioncheck/resources/lib/runner.py): entering source directory /home/hikaricore/.kodi/addons/service.xbmc.versioncheck/resources/lib
2020-07-29 11:44:25.891 T:22263 DEBUG : CPythonInvoker(12, /home/hikaricore/.kodi/addons/service.xbmc.versioncheck/resources/lib/runner.py): instantiating addon using automatically obtained id of "service.xbmc.versioncheck" dependent on version 3.0.0 of the xbmc.python api
2020-07-29 11:44:25.905 T:22256 DEBUG : -->Python Interpreter Initialized<--
2020-07-29 11:44:25.905 T:22256 DEBUG :
2020-07-29 11:44:25.905 T:22256 DEBUG : CPythonInvoker(5, /home/hikaricore/.kodi/addons/plugin.video.themoviedb.helper/service.py): the source file to load is "/home/hikaricore/.kodi/addons/plugin.video.themoviedb.helper/service.py"
2020-07-29 11:44:25.905 T:22256 DEBUG : CPythonInvoker(5, /home/hikaricore/.kodi/addons/plugin.video.themoviedb.helper/service.py): setting the Python path to /home/hikaricore/.kodi/addons/plugin.video.themoviedb.helper:/home/hikaricore/.kodi/addons/script.module.certifi/lib:/home/hikaricore/.kodi/addons/script.module.chardet/lib:/home/hikaricore/.kodi/addons/script.module.idna/lib:/home/hikaricore/.kodi/addons/script.module.requests/lib:/home/hikaricore/.kodi/addons/script.module.simplecache/lib:/home/hikaricore/.kodi/addons/script.module.urllib3/lib:/usr/share/kodi/addons/script.module.pil/lib:/usr/lib/python36.zip:/usr/lib/python3.6:/usr/lib/python3.6/lib-dynload:/usr/local/lib/python3.6/dist-packages:/usr/lib/python3/dist-packages
2020-07-29 11:44:25.905 T:22256 DEBUG : CPythonInvoker(5, /home/hikaricore/.kodi/addons/plugin.video.themoviedb.helper/service.py): entering source directory /home/hikaricore/.kodi/addons/plugin.video.themoviedb.helper
2020-07-29 11:44:25.905 T:22256 DEBUG : CPythonInvoker(5, /home/hikaricore/.kodi/addons/plugin.video.themoviedb.helper/service.py): instantiating addon using automatically obtained id of "plugin.video.themoviedb.helper" dependent on version 3.0.0 of the xbmc.python api
2020-07-29 11:44:25.941 T:22260 DEBUG : -->Python Interpreter Initialized<--
2020-07-29 11:44:25.941 T:22260 DEBUG :
2020-07-29 11:44:25.941 T:22260 DEBUG : CPythonInvoker(9, /home/hikaricore/.kodi/addons/script.skin.helper.skinbackup/service.py): the source file to load is "/home/hikaricore/.kodi/addons/script.skin.helper.skinbackup/service.py"
2020-07-29 11:44:25.941 T:22260 DEBUG : CPythonInvoker(9, /home/hikaricore/.kodi/addons/script.skin.helper.skinbackup/service.py): setting the Python path to /home/hikaricore/.kodi/addons/script.skin.helper.skinbackup:/usr/lib/python36.zip:/usr/lib/python3.6:/usr/lib/python3.6/lib-dynload:/usr/local/lib/python3.6/dist-packages:/usr/lib/python3/dist-packages
2020-07-29 11:44:25.941 T:22260 DEBUG : CPythonInvoker(9, /home/hikaricore/.kodi/addons/script.skin.helper.skinbackup/service.py): entering source directory /home/hikaricore/.kodi/addons/script.skin.helper.skinbackup
2020-07-29 11:44:25.941 T:22260 DEBUG : CPythonInvoker(9, /home/hikaricore/.kodi/addons/script.skin.helper.skinbackup/service.py): instantiating addon using automatically obtained id of "script.skin.helper.skinbackup" dependent on version 0.0.0 of the xbmc.python api
2020-07-29 11:44:25.988 T:22262 DEBUG : -->Python Interpreter Initialized<--
2020-07-29 11:44:25.988 T:22262 DEBUG :
2020-07-29 11:44:25.988 T:22262 DEBUG : CPythonInvoker(11, /home/hikaricore/.kodi/addons/service.library.data.provider/service.py): the source file to load is "/home/hikaricore/.kodi/addons/service.library.data.provider/service.py"
2020-07-29 11:44:25.988 T:22262 DEBUG : CPythonInvoker(11, /home/hikaricore/.kodi/addons/service.library.data.provider/service.py): setting the Python path to /home/hikaricore/.kodi/addons/service.library.data.provider:/home/hikaricore/.kodi/addons/script.module.routing/lib:/usr/lib/python36.zip:/usr/lib/python3.6:/usr/lib/python3.6/lib-dynload:/usr/local/lib/python3.6/dist-packages:/usr/lib/python3/dist-packages
2020-07-29 11:44:25.988 T:22262 DEBUG : CPythonInvoker(11, /home/hikaricore/.kodi/addons/service.library.data.provider/service.py): entering source directory /home/hikaricore/.kodi/addons/service.library.data.provider
2020-07-29 11:44:25.988 T:22262 DEBUG : CPythonInvoker(11, /home/hikaricore/.kodi/addons/service.library.data.provider/service.py): instantiating addon using automatically obtained id of "service.library.data.provider" dependent on version 3.0.0 of the xbmc.python api
2020-07-29 11:44:25.990 T:22255 DEBUG : -->Python Interpreter Initialized<--
2020-07-29 11:44:25.990 T:22255 DEBUG :
2020-07-29 11:44:25.990 T:22255 DEBUG : CPythonInvoker(4, /home/hikaricore/.kodi/addons/plugin.video.pseudotv.live/service.py): the source file to load is "/home/hikaricore/.kodi/addons/plugin.video.pseudotv.live/service.py"
2020-07-29 11:44:25.991 T:22255 DEBUG : CPythonInvoker(4, /home/hikaricore/.kodi/addons/plugin.video.pseudotv.live/service.py): setting the Python path to /home/hikaricore/.kodi/addons/plugin.video.pseudotv.live:/home/hikaricore/.kodi/addons/script.module.kodi-six/libs:/home/hikaricore/.kodi/addons/script.module.simplecache/lib:/home/hikaricore/.kodi/addons/script.module.six/lib:/usr/lib/python36.zip:/usr/lib/python3.6:/usr/lib/python3.6/lib-dynload:/usr/local/lib/python3.6/dist-packages:/usr/lib/python3/dist-packages
2020-07-29 11:44:25.991 T:22255 DEBUG : CPythonInvoker(4, /home/hikaricore/.kodi/addons/plugin.video.pseudotv.live/service.py): entering source directory /home/hikaricore/.kodi/addons/plugin.video.pseudotv.live
2020-07-29 11:44:25.991 T:22255 DEBUG : CPythonInvoker(4, /home/hikaricore/.kodi/addons/plugin.video.pseudotv.live/service.py): instantiating addon using automatically obtained id of "plugin.video.pseudotv.live" dependent on version 3.0.0 of the xbmc.python api
2020-07-29 11:44:26.002 T:22258 DEBUG : -->Python Interpreter Initialized<--
2020-07-29 11:44:26.002 T:22258 DEBUG :
2020-07-29 11:44:26.002 T:22258 DEBUG : CPythonInvoker(7, /home/hikaricore/.kodi/addons/script.embuary.helper/service.py): the source file to load is "/home/hikaricore/.kodi/addons/script.embuary.helper/service.py"
2020-07-29 11:44:26.003 T:22258 DEBUG : CPythonInvoker(7, /home/hikaricore/.kodi/addons/script.embuary.helper/service.py): setting the Python path to /home/hikaricore/.kodi/addons/script.embuary.helper:/usr/share/kodi/addons/script.module.pil/lib:/usr/lib/python36.zip:/usr/lib/python3.6:/usr/lib/python3.6/lib-dynload:/usr/local/lib/python3.6/dist-packages:/usr/lib/python3/dist-packages
2020-07-29 11:44:26.003 T:22258 DEBUG : CPythonInvoker(7, /home/hikaricore/.kodi/addons/script.embuary.helper/service.py): entering source directory /home/hikaricore/.kodi/addons/script.embuary.helper
2020-07-29 11:44:26.003 T:22258 DEBUG : CPythonInvoker(7, /home/hikaricore/.kodi/addons/script.embuary.helper/service.py): instantiating addon using automatically obtained id of "script.embuary.helper" dependent on version 3.0.0 of the xbmc.python api
2020-07-29 11:44:26.019 T:22254 DEBUG : -->Python Interpreter Initialized<--
2020-07-29 11:44:26.019 T:22254 DEBUG :
2020-07-29 11:44:26.019 T:22254 DEBUG : CPythonInvoker(3, /home/hikaricore/.kodi/addons/plugin.video.amazon-test/service.py): the source file to load is "/home/hikaricore/.kodi/addons/plugin.video.amazon-test/service.py"
2020-07-29 11:44:26.019 T:22254 DEBUG : CPythonInvoker(3, /home/hikaricore/.kodi/addons/plugin.video.amazon-test/service.py): setting the Python path to /home/hikaricore/.kodi/addons/plugin.video.amazon-test:/home/hikaricore/.kodi/addons/script.module.beautifulsoup4/lib:/home/hikaricore/.kodi/addons/script.module.certifi/lib:/home/hikaricore/.kodi/addons/script.module.chardet/lib:/home/hikaricore/.kodi/addons/script.module.idna/lib:/home/hikaricore/.kodi/addons/script.module.inputstreamhelper/lib:/home/hikaricore/.kodi/addons/script.module.kodi-six/libs:/home/hikaricore/.kodi/addons/script.module.mechanicalsoup/lib:/home/hikaricore/.kodi/addons/script.module.pydes/lib:/home/hikaricore/.kodi/addons/script.module.pyxbmct/lib:/home/hikaricore/.kodi/addons/script.module.requests/lib:/home/hikaricore/.kodi/addons/script.module.six/lib:/home/hikaricore/.kodi/addons/script.module.soupsieve/lib:/home/hikaricore/.kodi/addons/script.module.urllib3/lib:/usr/lib/python36.zip:/usr/lib/python3.6:/usr/lib/python3.6/lib-dynload:/usr/local/lib/python3.6/dist-packages:/usr/lib/python3/dist-packages
2020-07-29 11:44:26.019 T:22254 DEBUG : CPythonInvoker(3, /home/hikaricore/.kodi/addons/plugin.video.amazon-test/service.py): entering source directory /home/hikaricore/.kodi/addons/plugin.video.amazon-test
2020-07-29 11:44:26.020 T:22254 DEBUG : CPythonInvoker(3, /home/hikaricore/.kodi/addons/plugin.video.amazon-test/service.py): instantiating addon using automatically obtained id of "plugin.video.amazon-test" dependent on version 3.0.0 of the xbmc.python api
2020-07-29 11:44:26.021 T:22244 DEBUG : -->Python Interpreter Initialized<--
2020-07-29 11:44:26.021 T:22244 DEBUG :
2020-07-29 11:44:26.021 T:22244 DEBUG : CPythonInvoker(0, /home/hikaricore/.kodi/addons/plugin.video.youtube/resources/lib/default.py): the source file to load is "/home/hikaricore/.kodi/addons/plugin.video.youtube/resources/lib/default.py"
2020-07-29 11:44:26.022 T:22244 DEBUG : CPythonInvoker(0, /home/hikaricore/.kodi/addons/plugin.video.youtube/resources/lib/default.py): setting the Python path to /home/hikaricore/.kodi/addons/plugin.video.youtube/resources/lib:/home/hikaricore/.kodi/addons/script.module.certifi/lib:/home/hikaricore/.kodi/addons/script.module.chardet/lib:/home/hikaricore/.kodi/addons/script.module.idna/lib:/home/hikaricore/.kodi/addons/script.module.inputstreamhelper/lib:/home/hikaricore/.kodi/addons/script.module.requests/lib:/home/hikaricore/.kodi/addons/script.module.six/lib:/home/hikaricore/.kodi/addons/script.module.urllib3/lib:/usr/lib/python36.zip:/usr/lib/python3.6:/usr/lib/python3.6/lib-dynload:/usr/local/lib/python3.6/dist-packages:/usr/lib/python3/dist-packages
2020-07-29 11:44:26.022 T:22244 DEBUG : CPythonInvoker(0, /home/hikaricore/.kodi/addons/plugin.video.youtube/resources/lib/default.py): entering source directory /home/hikaricore/.kodi/addons/plugin.video.youtube/resources/lib
2020-07-29 11:44:26.022 T:22244 DEBUG : CPythonInvoker(0, /home/hikaricore/.kodi/addons/plugin.video.youtube/resources/lib/default.py): instantiating addon using automatically obtained id of "plugin.video.youtube" dependent on version 3.0.0 of the xbmc.python api
2020-07-29 11:44:26.049 T:22246 DEBUG : -->Python Interpreter Initialized<--
2020-07-29 11:44:26.049 T:22246 DEBUG :
2020-07-29 11:44:26.049 T:22246 DEBUG : CPythonInvoker(1, /home/hikaricore/.kodi/addons/plugin.video.youtube/resources/lib/default.py): the source file to load is "/home/hikaricore/.kodi/addons/plugin.video.youtube/resources/lib/default.py"
2020-07-29 11:44:26.050 T:22246 DEBUG : CPythonInvoker(1, /home/hikaricore/.kodi/addons/plugin.video.youtube/resources/lib/default.py): setting the Python path to /home/hikaricore/.kodi/addons/plugin.video.youtube/resources/lib:/home/hikaricore/.kodi/addons/script.module.certifi/lib:/home/hikaricore/.kodi/addons/script.module.chardet/lib:/home/hikaricore/.kodi/addons/script.module.idna/lib:/home/hikaricore/.kodi/addons/script.module.inputstreamhelper/lib:/home/hikaricore/.kodi/addons/script.module.requests/lib:/home/hikaricore/.kodi/addons/script.module.six/lib:/home/hikaricore/.kodi/addons/script.module.urllib3/lib:/usr/lib/python36.zip:/usr/lib/python3.6:/usr/lib/python3.6/lib-dynload:/usr/local/lib/python3.6/dist-packages:/usr/lib/python3/dist-packages
2020-07-29 11:44:26.050 T:22246 DEBUG : CPythonInvoker(1, /home/hikaricore/.kodi/addons/plugin.video.youtube/resources/lib/default.py): entering source directory /home/hikaricore/.kodi/addons/plugin.video.youtube/resources/lib
2020-07-29 11:44:26.050 T:22246 DEBUG : CPythonInvoker(1, /home/hikaricore/.kodi/addons/plugin.video.youtube/resources/lib/default.py): instantiating addon using automatically obtained id of "plugin.video.youtube" dependent on version 3.0.0 of the xbmc.python api
2020-07-29 11:44:26.081 T:22259 DEBUG : -->Python Interpreter Initialized<--
2020-07-29 11:44:26.081 T:22259 DEBUG :
2020-07-29 11:44:26.081 T:22259 DEBUG : CPythonInvoker(8, /home/hikaricore/.kodi/addons/script.skin.helper.service/service.py): the source file to load is "/home/hikaricore/.kodi/addons/script.skin.helper.service/service.py"
2020-07-29 11:44:26.081 T:22259 DEBUG : CPythonInvoker(8, /home/hikaricore/.kodi/addons/script.skin.helper.service/service.py): setting the Python path to /home/hikaricore/.kodi/addons/script.skin.helper.service:/home/hikaricore/.kodi/addons/script.module.simplecache/lib:/home/hikaricore/.kodi/addons/script.module.simplejson/lib:/usr/lib/python36.zip:/usr/lib/python3.6:/usr/lib/python3.6/lib-dynload:/usr/local/lib/python3.6/dist-packages:/usr/lib/python3/dist-packages
2020-07-29 11:44:26.081 T:22259 DEBUG : CPythonInvoker(8, /home/hikaricore/.kodi/addons/script.skin.helper.service/service.py): entering source directory /home/hikaricore/.kodi/addons/script.skin.helper.service
2020-07-29 11:44:26.081 T:22259 DEBUG : CPythonInvoker(8, /home/hikaricore/.kodi/addons/script.skin.helper.service/service.py): instantiating addon using automatically obtained id of "script.skin.helper.service" dependent on version 0.0.0 of the xbmc.python api
2020-07-29 11:44:26.108 T:22247 DEBUG : -->Python Interpreter Initialized<--
2020-07-29 11:44:26.108 T:22247 DEBUG :
2020-07-29 11:44:26.108 T:22247 DEBUG : CPythonInvoker(2, /home/hikaricore/.kodi/addons/script.skinshortcuts/default.py): the source file to load is "/home/hikaricore/.kodi/addons/script.skinshortcuts/default.py"
2020-07-29 11:44:26.108 T:22247 DEBUG : CPythonInvoker(2, /home/hikaricore/.kodi/addons/script.skinshortcuts/default.py): setting the Python path to /home/hikaricore/.kodi/addons/script.skinshortcuts:/home/hikaricore/.kodi/addons/script.module.simpleeval/lib:/home/hikaricore/.kodi/addons/script.module.unidecode/lib:/usr/lib/python36.zip:/usr/lib/python3.6:/usr/lib/python3.6/lib-dynload:/usr/local/lib/python3.6/dist-packages:/usr/lib/python3/dist-packages
2020-07-29 11:44:26.108 T:22247 DEBUG : CPythonInvoker(2, /home/hikaricore/.kodi/addons/script.skinshortcuts/default.py): entering source directory /home/hikaricore/.kodi/addons/script.skinshortcuts
2020-07-29 11:44:26.109 T:22247 DEBUG : CPythonInvoker(2, /home/hikaricore/.kodi/addons/script.skinshortcuts/default.py): instantiating addon using automatically obtained id of "script.skinshortcuts" dependent on version 3.0.0 of the xbmc.python api
2020-07-29 11:44:26.181 T:22257 DEBUG : -->Python Interpreter Initialized<--
2020-07-29 11:44:26.181 T:22257 DEBUG :
2020-07-29 11:44:26.181 T:22257 DEBUG : CPythonInvoker(6, /home/hikaricore/.kodi/addons/plugin.video.youtube/resources/lib/startup.py): the source file to load is "/home/hikaricore/.kodi/addons/plugin.video.youtube/resources/lib/startup.py"
2020-07-29 11:44:26.181 T:22257 DEBUG : CPythonInvoker(6, /home/hikaricore/.kodi/addons/plugin.video.youtube/resources/lib/startup.py): setting the Python path to /home/hikaricore/.kodi/addons/plugin.video.youtube/resources/lib:/home/hikaricore/.kodi/addons/script.module.certifi/lib:/home/hikaricore/.kodi/addons/script.module.chardet/lib:/home/hikaricore/.kodi/addons/script.module.idna/lib:/home/hikaricore/.kodi/addons/script.module.inputstreamhelper/lib:/home/hikaricore/.kodi/addons/script.module.requests/lib:/home/hikaricore/.kodi/addons/script.module.six/lib:/home/hikaricore/.kodi/addons/script.module.urllib3/lib:/usr/lib/python36.zip:/usr/lib/python3.6:/usr/lib/python3.6/lib-dynload:/usr/local/lib/python3.6/dist-packages:/usr/lib/python3/dist-packages
2020-07-29 11:44:26.181 T:22257 DEBUG : CPythonInvoker(6, /home/hikaricore/.kodi/addons/plugin.video.youtube/resources/lib/startup.py): entering source directory /home/hikaricore/.kodi/addons/plugin.video.youtube/resources/lib
2020-07-29 11:44:26.181 T:22257 DEBUG : CPythonInvoker(6, /home/hikaricore/.kodi/addons/plugin.video.youtube/resources/lib/startup.py): instantiating addon using automatically obtained id of "plugin.video.youtube" dependent on version 3.0.0 of the xbmc.python api
2020-07-29 11:44:28.189 T:22245 DEBUG : DatabaseUtils::GetSortFieldList: unknown field 26
2020-07-29 11:44:28.189 T:22245 DEBUG : DatabaseUtils::GetSortFieldList: unknown field 31
2020-07-29 11:44:28.189 T:22245 DEBUG : DatabaseUtils::GetSortFieldList: unknown field 40
2020-07-29 11:44:28.189 T:22245 DEBUG : DatabaseUtils::GetSortFieldList: unknown field 68
2020-07-29 11:44:28.213 T:22262 DEBUG : loading setting definitions
2020-07-29 11:44:28.213 T:22262 DEBUG : trying to load setting definitions from old format...
2020-07-29 11:44:28.213 T:22262 DEBUG : loading setting values
2020-07-29 11:44:28.213 T:22262 DEBUG : loading setting definitions
2020-07-29 11:44:28.213 T:22262 DEBUG : trying to load setting definitions from old format...
2020-07-29 11:44:28.213 T:22262 DEBUG : loading setting values
2020-07-29 11:44:28.214 T:22262 DEBUG : loading setting definitions
2020-07-29 11:44:28.214 T:22262 DEBUG : trying to load setting definitions from old format...
2020-07-29 11:44:28.214 T:22262 DEBUG : loading setting values
2020-07-29 11:44:28.214 T:22262 DEBUG : loading setting definitions
2020-07-29 11:44:28.214 T:22262 DEBUG : trying to load setting definitions from old format...
2020-07-29 11:44:28.214 T:22262 DEBUG : loading setting values
2020-07-29 11:44:28.214 T:22262 DEBUG : Library Data Provider: b'service version 0.4.1 started'
2020-07-29 11:44:28.420 T:22261 INFO : Skin Helper Service Widgets v1.0.40 --> Backgroundservice started
2020-07-29 11:44:29.496 T:22263 DEBUG : loading setting definitions
2020-07-29 11:44:29.496 T:22263 DEBUG : loading setting values
2020-07-29 11:44:29.496 T:22263 DEBUG : requested setting (lastnotified_stable) was not found.
2020-07-29 11:44:29.496 T:22263 DEBUG : failed to find definition for setting lastnotified_stable. Creating a setting on-the-fly...
2020-07-29 11:44:29.496 T:22263 DEBUG : requested setting (lastnotified_version) was not found.
2020-07-29 11:44:29.497 T:22263 DEBUG : failed to find definition for setting lastnotified_version. Creating a setting on-the-fly...
2020-07-29 11:44:29.497 T:22263 DEBUG : Version Check: Version 0.5.6+matrix.1 started
2020-07-29 11:44:30.019 T:22256 DEBUG : loading setting definitions
2020-07-29 11:44:30.019 T:22256 DEBUG : trying to load setting definitions from old format...
2020-07-29 11:44:32.695 T:22260 DEBUG : Skin Helper Backup --> Service started
2020-07-29 11:44:32.722 T:22260 DEBUG : loading setting definitions
2020-07-29 11:44:32.722 T:22260 DEBUG : trying to load setting definitions from old format...
2020-07-29 11:44:33.423 T:22258 DEBUG : loading setting definitions
2020-07-29 11:44:33.423 T:22258 DEBUG : trying to load setting definitions from old format...
2020-07-29 11:44:33.611 T:22245 DEBUG : StartScript - calling plugin Amazon VOD('plugin://plugin.video.amazon-test/','3','','resume:false')
2020-07-29 11:44:33.612 T:22317 DEBUG : Thread LanguageInvoker start, auto delete: false
2020-07-29 11:44:33.612 T:22317 INFO : initializing python engine.
2020-07-29 11:44:33.612 T:22317 DEBUG : CPythonInvoker(13, /home/hikaricore/.kodi/addons/plugin.video.amazon-test/default.py): start processing
2020-07-29 11:44:33.737 T:22259 ERROR : EXCEPTION Thrown (PythonToCppException) : -->Python callback/script returned the following error<-- - NOTE: IGNORING THIS CAN LEAD TO MEMORY LEAKS! Error Type: Error Contents: No module named 'cherrypy'
Traceback (most recent call last): File "/home/hikaricore/.kodi/addons/script.skin.helper.service/service.py", line 10, in from resources.lib.main_service import MainService
File "/home/hikaricore/.kodi/addons/script.skin.helper.service/resources/lib/main_service.py", line 15, in from resources.lib.webservice import WebService
File "/home/hikaricore/.kodi/addons/script.skin.helper.service/resources/lib/webservice.py", line 12, in import cherrypy ModuleNotFoundError: No module named 'cherrypy' -->End of Python script error report<--
2020-07-29 11:44:33.737 T:22259 DEBUG : onExecutionDone(8, /home/hikaricore/.kodi/addons/script.skin.helper.service/service.py)
2020-07-29 11:44:33.755 T:22222 DEBUG : ------ Window Init (DialogNotification.xml) ------
2020-07-29 11:44:33.942 T:22259 INFO : Python interpreter stopped
2020-07-29 11:44:33.942 T:22259 DEBUG : Thread LanguageInvoker 139677621278464 terminating
2020-07-29 11:44:34.080 T:22255 DEBUG : loading setting definitions
2020-07-29 11:44:34.080 T:22255 DEBUG : trying to load setting definitions from old format...
2020-07-29 11:44:34.080 T:22255 WARNING : cannot reference separator setting in old setting condition "eq(-5,false)" for "Clear_Userdefined"
2020-07-29 11:44:34.080 T:22255 WARNING : failed to parse visible condition "eq(-5,false)" of old setting definition for "Clear_Userdefined"
2020-07-29 11:44:34.080 T:22255 WARNING : cannot reference separator setting in old setting condition "eq(-8,false)" for "Select_TV_Networks"
2020-07-29 11:44:34.080 T:22255 WARNING : failed to parse visible condition "eq(-8,false)" of old setting definition for "Select_TV_Networks"
2020-07-29 11:44:34.080 T:22255 WARNING : cannot reference separator setting in old setting condition "eq(-9,false)" for "Select_TV_Shows"
2020-07-29 11:44:34.080 T:22255 WARNING : failed to parse visible condition "eq(-9,false)" of old setting definition for "Select_TV_Shows"
2020-07-29 11:44:34.080 T:22255 WARNING : cannot reference separator setting in old setting condition "eq(-10,false)" for "Select_TV_Genres"
2020-07-29 11:44:34.080 T:22255 WARNING : failed to parse visible condition "eq(-10,false)" of old setting definition for "Select_TV_Genres"
2020-07-29 11:44:34.080 T:22255 WARNING : cannot reference separator setting in old setting condition "eq(-11,false)" for "Select_MOVIE_Genres"
2020-07-29 11:44:34.080 T:22255 WARNING : failed to parse visible condition "eq(-11,false)" of old setting definition for "Select_MOVIE_Genres"
2020-07-29 11:44:34.080 T:22255 WARNING : cannot reference separator setting in old setting condition "eq(-12,false)" for "Select_MIXED_Genres"
2020-07-29 11:44:34.080 T:22255 WARNING : failed to parse visible condition "eq(-12,false)" of old setting definition for "Select_MIXED_Genres"
2020-07-29 11:44:34.080 T:22255 WARNING : cannot reference separator setting in old setting condition "eq(-13,false)" for "Select_MOVIE_Studios"
2020-07-29 11:44:34.080 T:22255 WARNING : failed to parse visible condition "eq(-13,false)" of old setting definition for "Select_MOVIE_Studios"
2020-07-29 11:44:34.080 T:22255 WARNING : cannot reference separator setting in old setting condition "eq(-14,false)" for "Select_MIXED_Other"
2020-07-29 11:44:34.080 T:22255 WARNING : failed to parse visible condition "eq(-14,false)" of old setting definition for "Select_MIXED_Other"
2020-07-29 11:44:34.080 T:22255 WARNING : cannot reference separator setting in old setting condition "eq(-15,false)" for "Select_MUSIC_Genres"
2020-07-29 11:44:34.080 T:22255 WARNING : failed to parse visible condition "eq(-15,false)" of old setting definition for "Select_MUSIC_Genres"
2020-07-29 11:44:34.080 T:22255 WARNING : cannot reference separator setting in old setting condition "eq(-16,false)" for "Clear_Predefined"
2020-07-29 11:44:34.080 T:22255 WARNING : failed to parse visible condition "eq(-16,false)" of old setting definition for "Clear_Predefined"
2020-07-29 11:44:34.081 T:22255 DEBUG : loading setting values
2020-07-29 11:44:34.081 T:22255 DEBUG : requested setting (Last_Scan) was not found.
2020-07-29 11:44:34.081 T:22255 DEBUG : failed to find definition for setting Last_Scan. Creating a setting on-the-fly...
2020-07-29 11:44:34.081 T:22255 DEBUG : requested setting (Setting_MIXED_Genres) was not found.
2020-07-29 11:44:34.081 T:22255 DEBUG : failed to find definition for setting Setting_MIXED_Genres. Creating a setting on-the-fly...
2020-07-29 11:44:34.081 T:22255 DEBUG : requested setting (Setting_MIXED_Other) was not found.
2020-07-29 11:44:34.081 T:22255 DEBUG : failed to find definition for setting Setting_MIXED_Other. Creating a setting on-the-fly...
2020-07-29 11:44:34.081 T:22255 DEBUG : requested setting (Setting_MOVIE_Genres) was not found.
2020-07-29 11:44:34.081 T:22255 DEBUG : failed to find definition for setting Setting_MOVIE_Genres. Creating a setting on-the-fly...
2020-07-29 11:44:34.081 T:22255 DEBUG : requested setting (Setting_MOVIE_Studios) was not found.
2020-07-29 11:44:34.081 T:22255 DEBUG : failed to find definition for setting Setting_MOVIE_Studios. Creating a setting on-the-fly...
2020-07-29 11:44:34.081 T:22255 DEBUG : requested setting (Setting_MUSIC_Genres) was not found.
2020-07-29 11:44:34.081 T:22255 DEBUG : failed to find definition for setting Setting_MUSIC_Genres. Creating a setting on-the-fly...
2020-07-29 11:44:34.081 T:22255 DEBUG : requested setting (Setting_TV_Genres) was not found.
2020-07-29 11:44:34.081 T:22255 DEBUG : failed to find definition for setting Setting_TV_Genres. Creating a setting on-the-fly...
2020-07-29 11:44:34.081 T:22255 DEBUG : requested setting (Setting_TV_Networks) was not found.
2020-07-29 11:44:34.081 T:22255 DEBUG : failed to find definition for setting Setting_TV_Networks. Creating a setting on-the-fly...
2020-07-29 11:44:34.082 T:22255 DEBUG : requested setting (Setting_TV_Shows) was not found.
2020-07-29 11:44:34.082 T:22255 DEBUG : failed to find definition for setting Setting_TV_Shows. Creating a setting on-the-fly...
2020-07-29 11:44:34.337 T:22258 INFO : [ script.embuary.helper ] Service: Started
2020-07-29 11:44:34.337 T:22258 INFO : [ script.embuary.helper ] Service: Player monitor started
2020-07-29 11:44:34.337 T:22258 DEBUG : [ script.embuary.helper ] Start new fanart grabber process
2020-07-29 11:44:34.530 T:22263 DEBUG : Version Check: Version installed {'major': 19, 'minor': 0, 'revision': '20200705-ca8b8a0030', 'tag': 'alpha', 'tagversion': '1'}
2020-07-29 11:44:34.531 T:22263 INFO : CPythonInvoker(12, /home/hikaricore/.kodi/addons/service.xbmc.versioncheck/resources/lib/runner.py): script successfully run
2020-07-29 11:44:34.531 T:22263 DEBUG : onExecutionDone(12, /home/hikaricore/.kodi/addons/service.xbmc.versioncheck/resources/lib/runner.py)
2020-07-29 11:44:34.792 T:22263 INFO : Python interpreter stopped
2020-07-29 11:44:34.792 T:22263 DEBUG : Thread LanguageInvoker 139677587707648 terminating
2020-07-29 11:44:34.932 T:22247 DEBUG : loading setting definitions
2020-07-29 11:44:34.932 T:22247 DEBUG : trying to load setting definitions from old format...
2020-07-29 11:44:34.932 T:22247 DEBUG : loading setting values
2020-07-29 11:44:34.932 T:22247 DEBUG : requested setting (upgraded_labelID) was not found.
2020-07-29 11:44:34.932 T:22247 DEBUG : failed to find definition for setting upgraded_labelID. Creating a setting on-the-fly...
2020-07-29 11:44:34.932 T:22247 DEBUG : requested setting (upgraded_labels) was not found.
2020-07-29 11:44:34.932 T:22247 DEBUG : failed to find definition for setting upgraded_labels. Creating a setting on-the-fly...
2020-07-29 11:44:34.932 T:22247 DEBUG : requested setting (upgraded_xml) was not found.
2020-07-29 11:44:34.932 T:22247 DEBUG : failed to find definition for setting upgraded_xml. Creating a setting on-the-fly...
2020-07-29 11:44:34.933 T:22247 DEBUG : script.skinshortcuts: Profile found: Master user (special://masterprofile/)
2020-07-29 11:44:34.933 T:22247 DEBUG : script.skinshortcuts: Profile found: Miles (profiles/Miles/)
2020-07-29 11:44:34.933 T:22247 DEBUG : script.skinshortcuts: Profile found: test (profiles/test/)
2020-07-29 11:44:34.933 T:22247 DEBUG : script.skinshortcuts: Profile found: PseudoT (profiles/PseudoTV/)
2020-07-29 11:44:34.934 T:22247 DEBUG : script.skinshortcuts: Menu is up to date
2020-07-29 11:44:34.934 T:22247 INFO : CPythonInvoker(2, /home/hikaricore/.kodi/addons/script.skinshortcuts/default.py): script successfully run
2020-07-29 11:44:34.934 T:22247 DEBUG : onExecutionDone(2, /home/hikaricore/.kodi/addons/script.skinshortcuts/default.py)
2020-07-29 11:44:34.937 T:22255 DEBUG : plugin.video.pseudotv.live-0.1.1l-Config: __init__, sysARG = ['']
2020-07-29 11:44:34.938 T:22255 DEBUG : Skin Helper Simplecache --> Initialized
2020-07-29 11:44:34.938 T:22255 DEBUG : plugin.video.pseudotv.live-0.1.1l-jsonrpc, buildResources
2020-07-29 11:44:34.946 T:22319 DEBUG : Thread Timer start, auto delete: false
2020-07-29 11:44:34.953 T:22319 DEBUG : Thread Timer 139678997391104 terminating
2020-07-29 11:44:34.953 T:22320 DEBUG : Thread Timer start, auto delete: false
2020-07-29 11:44:35.258 T:22247 INFO : Python interpreter stopped
2020-07-29 11:44:35.258 T:22247 DEBUG : Thread LanguageInvoker 139678877464320 terminating
2020-07-29 11:44:35.310 T:22254 DEBUG : loading setting definitions
2020-07-29 11:44:35.310 T:22254 DEBUG : trying to load setting definitions from old format...
2020-07-29 11:44:35.311 T:22254 DEBUG : loading setting values
2020-07-29 11:44:35.312 T:22254 INFO : [Amazon VOD] Service: Proxy bound to 127.0.0.1:53845
2020-07-29 11:44:35.315 T:22254 INFO : [Amazon VOD] Service: Proxy server started
2020-07-29 11:44:35.315 T:22254 INFO : [Amazon VOD] Service started
2020-07-29 11:44:35.359 T:22258 DEBUG : GetArtistsByWhereJSON query: SELECT a1.*, art.art_id AS idArt, art.type AS artType, art.url AS artURL FROM (SELECT artist.idArtist, strArtist FROM artist WHERE (EXISTS (SELECT 1 FROM song_artist WHERE song_artist.idArtist = artist.idArtist AND song_artist.idRole = 1) OR EXISTS (SELECT 1 FROM album_artist WHERE album_artist.idArtist = artist.idArtist)) AND (artist.strArtist != '') ORDER BY RANDOM() LIMIT 40) AS a1 LEFT JOIN art ON art.media_id = a1.idArtist AND art.media_type = 'artist' GROUP BY a1.idArtist, art.art_id ORDER BY a1.idArtist, arttype
2020-07-29 11:44:35.382 T:22258 DEBUG : GetArtistsByWhereJSON - query took 24 ms
2020-07-29 11:44:35.463 T:22320 DEBUG : Thread Timer 139678997391104 terminating
2020-07-29 11:44:37.714 T:22262 DEBUG : GetSongsByWhereJSON query: SELECT sv.*, song_artist.idArtist AS idArtist, songartist.strArtist AS strArtist FROM (SELECT song.idSong, strTitle, song.strGenres, iTimesPlayed, lastPlayed, rating, path.strPath|| strFilename AS strPathFile, album.strAlbum AS strAlbum, CAST(song.strReleaseDate AS INTEGER) AS iYear FROM song JOIN album ON album.idAlbum = song.idAlbum JOIN path ON path.idPath = song.idPath WHERE ((CAST(song.iTimesPlayed as DECIMAL(6,1)) < 1)) ORDER BY RANDOM() LIMIT 20) AS sv JOIN song_artist ON song_artist.idSong = sv.idSong AND song_artist.idRole = 1 JOIN artist AS songartist ON songartist.idArtist = song_artist.idArtist GROUP BY sv.idSong, song_artist.idArtist ORDER BY sv.idSong, song_artist.iOrder
2020-07-29 11:44:38.097 T:22262 DEBUG : GetSongsByWhereJSON - query took 383 ms
2020-07-29 11:44:38.266 T:22255 DEBUG : plugin.video.pseudotv.live-0.1.1l-jsonrpc, fillTVShows, found = 3327
2020-07-29 11:44:38.266 T:22255 DEBUG : plugin.video.pseudotv.live-0.1.1l-jsonrpc, buildResources return
2020-07-29 11:44:38.268 T:22255 DEBUG : Skin Helper Simplecache --> Initialized
2020-07-29 11:44:38.268 T:22255 DEBUG : plugin.video.pseudotv.live-0.1.1l-jsonrpc, buildResources
2020-07-29 11:44:38.275 T:22262 DEBUG : GetAlbumsByWhereJSON query: SELECT a1.*, album_artist.idArtist AS idArtist, artist.strArtist AS strArtist FROM (SELECT albumview.idAlbum, strAlbum, strReview, strGenres, strThemes, strMoods, strStyles, strType, strLabel, fRating, iTimesPlayed, CAST(strReleaseDate AS INTEGER) AS iYear, art.url AS thumbnail FROM albumview LEFT JOIN art ON art.media_id = idAlbum AND art.media_type = 'album' AND art.type = 'thumb' WHERE albumview.strReleaseType = 'album' ORDER BY RANDOM() LIMIT 20) AS a1 JOIN album_artist ON album_artist.idAlbum = a1.idAlbum JOIN artist ON artist.idArtist = album_artist.idArtist GROUP BY a1.idAlbum, album_artist.idArtist ORDER BY a1.idAlbum, album_artist.iOrder
2020-07-29 11:44:38.428 T:22262 DEBUG : GetAlbumsByWhereJSON - query took 153 ms
2020-07-29 11:44:38.765 T:22222 DEBUG : ------ Window Deinit (DialogNotification.xml) ------
2020-07-29 11:44:40.607 T:22255 DEBUG : plugin.video.pseudotv.live-0.1.1l-jsonrpc, fillTVShows, found = 3327
2020-07-29 11:44:40.607 T:22255 DEBUG : plugin.video.pseudotv.live-0.1.1l-jsonrpc, buildResources return
2020-07-29 11:44:40.610 T:22255 DEBUG : plugin.video.pseudotv.live-0.1.1l-channels: load file = special://profile/addon_data/plugin.video.pseudotv.live/channels.json
2020-07-29 11:44:40.611 T:22255 DEBUG : plugin.video.pseudotv.live-0.1.1l-FileAccess: trying to open /home/hikaricore/.kodi/addons/plugin.video.pseudotv.live/channels.json
2020-07-29 11:44:40.611 T:22255 DEBUG : plugin.video.pseudotv.live-0.1.1l-VFSFile: trying to open /home/hikaricore/.kodi/addons/plugin.video.pseudotv.live/channels.json
2020-07-29 11:44:40.611 T:22255 DEBUG : plugin.video.pseudotv.live-0.1.1l-VFSFile: Opening /home/hikaricore/.kodi/addons/plugin.video.pseudotv.live/channels.json
2020-07-29 11:44:40.612 T:22255 DEBUG : plugin.video.pseudotv.live-0.1.1l-__init__, sysARG = ['']
2020-07-29 11:44:40.612 T:22255 DEBUG : plugin.video.pseudotv.live-0.1.1l-Builder: __init__
2020-07-29 11:44:40.612 T:22255 DEBUG : plugin.video.pseudotv.live-0.1.1l-m3u: getShift
2020-07-29 11:44:40.612 T:22255 DEBUG : plugin.video.pseudotv.live-0.1.1l-m3u: load, file = special://profile/addon_data/plugin.video.pseudotv.live/pseudotv.m3u
2020-07-29 11:44:40.612 T:22255 DEBUG : plugin.video.pseudotv.live-0.1.1l-FileAccess: trying to open special://profile/addon_data/plugin.video.pseudotv.live/pseudotv.m3u
2020-07-29 11:44:40.612 T:22255 DEBUG : plugin.video.pseudotv.live-0.1.1l-VFSFile: trying to open special://profile/addon_data/plugin.video.pseudotv.live/pseudotv.m3u
2020-07-29 11:44:40.619 T:22255 DEBUG : plugin.video.pseudotv.live-0.1.1l-VFSFile: Opening special://profile/addon_data/plugin.video.pseudotv.live/pseudotv.m3u
2020-07-29 11:44:40.619 T:22255 DEBUG : plugin.video.pseudotv.live-0.1.1l-m3u: cleanSelf
2020-07-29 11:44:40.620 T:22255 DEBUG : plugin.video.pseudotv.live-0.1.1l-m3u: findChannelID, found 436c617373696320526f636b2e3c6d64@PseudoTVLive
2020-07-29 11:44:40.621 T:22255 DEBUG : plugin.video.pseudotv.live-0.1.1l-m3u: findChannelID, found 496e6469652e3c6d6435204841534820@PseudoTVLive
2020-07-29 11:44:40.621 T:22255 DEBUG : plugin.video.pseudotv.live-0.1.1l-m3u: findChannelID, found 526f636b2e3c6d64352048415348206f@PseudoTVLive
2020-07-29 11:44:40.621 T:22255 DEBUG : plugin.video.pseudotv.live-0.1.1l-m3u: findChannelID, found 4a2d506f702e3c6d6435204841534820@PseudoTVLive
2020-07-29 11:44:40.621 T:22255 DEBUG : plugin.video.pseudotv.live-0.1.1l-m3u: findChannelID, found 4d6574616c2e3c6d6435204841534820@PseudoTVLive
2020-07-29 11:44:40.621 T:22255 DEBUG : plugin.video.pseudotv.live-0.1.1l-m3u: findChannelID, found 416c7465726e61746976652e3c6d6435@PseudoTVLive
2020-07-29 11:44:40.621 T:22255 DEBUG : Skin Helper Simplecache --> Initialized
2020-07-29 11:44:40.621 T:22255 DEBUG : plugin.video.pseudotv.live-0.1.1l-xmltv: getData
2020-07-29 11:44:40.621 T:22255 DEBUG : plugin.video.pseudotv.live-0.1.1l-FileAccess: trying to open special://profile/addon_data/plugin.video.pseudotv.live/pseudotv.xml
2020-07-29 11:44:40.621 T:22255 DEBUG : plugin.video.pseudotv.live-0.1.1l-VFSFile: trying to open special://profile/addon_data/plugin.video.pseudotv.live/pseudotv.xml
2020-07-29 11:44:40.622 T:22255 DEBUG : plugin.video.pseudotv.live-0.1.1l-VFSFile: Opening special://profile/addon_data/plugin.video.pseudotv.live/pseudotv.xml
2020-07-29 11:44:40.630 T:22255 DEBUG : plugin.video.pseudotv.live-0.1.1l-xmltv: resetData
2020-07-29 11:44:40.631 T:22255 DEBUG : plugin.video.pseudotv.live-0.1.1l-xmltv: getChannels, file = special://profile/addon_data/plugin.video.pseudotv.live/pseudotv.xml
2020-07-29 11:44:40.631 T:22255 DEBUG : plugin.video.pseudotv.live-0.1.1l-FileAccess: trying to open special://profile/addon_data/plugin.video.pseudotv.live/pseudotv.xml
2020-07-29 11:44:40.631 T:22255 DEBUG : plugin.video.pseudotv.live-0.1.1l-VFSFile: trying to open special://profile/addon_data/plugin.video.pseudotv.live/pseudotv.xml
2020-07-29 11:44:40.631 T:22255 DEBUG : plugin.video.pseudotv.live-0.1.1l-VFSFile: Opening special://profile/addon_data/plugin.video.pseudotv.live/pseudotv.xml
2020-07-29 11:44:40.636 T:22255 DEBUG : plugin.video.pseudotv.live-0.1.1l-xmltv: sortChannels, channels = 6
2020-07-29 11:44:40.636 T:22255 DEBUG : plugin.video.pseudotv.live-0.1.1l-xmltv: cleanSelf, key = id
2020-07-29 11:44:40.636 T:22255 DEBUG : plugin.video.pseudotv.live-0.1.1l-xmltv: getProgrammes, file = special://profile/addon_data/plugin.video.pseudotv.live/pseudotv.xml
2020-07-29 11:44:40.636 T:22255 DEBUG : plugin.video.pseudotv.live-0.1.1l-FileAccess: trying to open special://profile/addon_data/plugin.video.pseudotv.live/pseudotv.xml
2020-07-29 11:44:40.636 T:22255 DEBUG : plugin.video.pseudotv.live-0.1.1l-VFSFile: trying to open special://profile/addon_data/plugin.video.pseudotv.live/pseudotv.xml
2020-07-29 11:44:40.637 T:22255 DEBUG : plugin.video.pseudotv.live-0.1.1l-VFSFile: Opening special://profile/addon_data/plugin.video.pseudotv.live/pseudotv.xml
2020-07-29 11:44:40.654 T:22255 DEBUG : plugin.video.pseudotv.live-0.1.1l-xmltv: cleanProgrammes, before = 54, after = 54
2020-07-29 11:44:40.654 T:22255 DEBUG : plugin.video.pseudotv.live-0.1.1l-xmltv: sortProgrammes, programmes = 54
2020-07-29 11:44:40.654 T:22255 DEBUG : plugin.video.pseudotv.live-0.1.1l-xmltv: cleanSelf, key = channel
2020-07-29 11:44:40.655 T:22255 DEBUG : plugin.video.pseudotv.live-0.1.1l-xmltv: getEndtimes, channelid = 416c7465726e61746976652e3c6d6435@PseudoTVLive, endtime = 20200730183000, epoch = 1596148200.0
2020-07-29 11:44:40.655 T:22255 DEBUG : plugin.video.pseudotv.live-0.1.1l-xmltv: getEndtimes, channelid = 436c617373696320526f636b2e3c6d64@PseudoTVLive, endtime = 20200730183000, epoch = 1596148200.0
2020-07-29 11:44:40.655 T:22255 DEBUG : plugin.video.pseudotv.live-0.1.1l-xmltv: getEndtimes, channelid = 496e6469652e3c6d6435204841534820@PseudoTVLive, endtime = 20200730183000, epoch = 1596148200.0
2020-07-29 11:44:40.655 T:22255 DEBUG : plugin.video.pseudotv.live-0.1.1l-xmltv: getEndtimes, channelid = 4a2d506f702e3c6d6435204841534820@PseudoTVLive, endtime = 20200730183000, epoch = 1596148200.0
2020-07-29 11:44:40.655 T:22255 DEBUG : plugin.video.pseudotv.live-0.1.1l-xmltv: getEndtimes, channelid = 4d6574616c2e3c6d6435204841534820@PseudoTVLive, endtime = 20200730183000, epoch = 1596148200.0
2020-07-29 11:44:40.655 T:22255 DEBUG : plugin.video.pseudotv.live-0.1.1l-xmltv: getEndtimes, channelid = 526f636b2e3c6d64352048415348206f@PseudoTVLive, endtime = 20200730183000, epoch = 1596148200.0
2020-07-29 11:44:40.656 T:22255 DEBUG : Skin Helper Simplecache --> Initialized
2020-07-29 11:44:40.656 T:22255 DEBUG : plugin.video.pseudotv.live-0.1.1l-jsonrpc, buildResources
2020-07-29 11:44:40.767 T:22317 DEBUG : -->Python Interpreter Initialized<--
2020-07-29 11:44:40.767 T:22317 DEBUG :
2020-07-29 11:44:40.767 T:22317 DEBUG : CPythonInvoker(13, /home/hikaricore/.kodi/addons/plugin.video.amazon-test/default.py): the source file to load is "/home/hikaricore/.kodi/addons/plugin.video.amazon-test/default.py"
2020-07-29 11:44:40.767 T:22317 DEBUG : CPythonInvoker(13, /home/hikaricore/.kodi/addons/plugin.video.amazon-test/default.py): setting the Python path to /home/hikaricore/.kodi/addons/plugin.video.amazon-test:/home/hikaricore/.kodi/addons/script.module.beautifulsoup4/lib:/home/hikaricore/.kodi/addons/script.module.certifi/lib:/home/hikaricore/.kodi/addons/script.module.chardet/lib:/home/hikaricore/.kodi/addons/script.module.idna/lib:/home/hikaricore/.kodi/addons/script.module.inputstreamhelper/lib:/home/hikaricore/.kodi/addons/script.module.kodi-six/libs:/home/hikaricore/.kodi/addons/script.module.mechanicalsoup/lib:/home/hikaricore/.kodi/addons/script.module.pydes/lib:/home/hikaricore/.kodi/addons/script.module.pyxbmct/lib:/home/hikaricore/.kodi/addons/script.module.requests/lib:/home/hikaricore/.kodi/addons/script.module.six/lib:/home/hikaricore/.kodi/addons/script.module.soupsieve/lib:/home/hikaricore/.kodi/addons/script.module.urllib3/lib:/usr/lib/python36.zip:/usr/lib/python3.6:/usr/lib/python3.6/lib-dynload:/usr/local/lib/python3.6/dist-packages:/usr/lib/python3/dist-packages
